i(s) = -2*s**3 - 4*s**2 - s + 1. What is the remainder when f(x) is divided by i(-3)?
19
Suppose -4*z + 3*z = 5*a - 3, 4*z + 76 = 2*a. Let v = z - -47. What is the remainder when 119 is divided by v?
29
Suppose -2*r + 53 - 11 = 0. Let j(c) = c**3 + c**2 + 11*c - 45. What is the remainder when j(4) is divided by r?
16
Calculate the remainder when 9/8*(-38)/(-57)*32 is divided by 7.
3
Suppose -3*j - 2*j = 0. Suppose 2*b - 244 = 5*q, j = 3*b + 3*q - 343 + 19. Calculate the remainder when 23 is divided by 2/(-9) - b/(-18).
5
Let r = 6 + 81. Let z = -25 + 55. Calculate the remainder when r is divided by z.
27
Let s be (12/16)/(6/16). Suppose 3*h = -r + 17, -r + s*r - 2*h = -3. Calculate the remainder when r is divided by 4.
1
Suppose -6*w = 5*w - 407. Calculate the remainder when w is divided by 8.
5
Suppose 2*w = 76 + 32. What is the remainder when w is divided by (-26 - 3)/((-8)/((-56)/(-7)))?
25
Suppose 7*c - 82 = 79. Calculate the remainder when c is divided by 3.
2
Suppose -8*a = -11*a + 192. Let d = a + -46. What is the remainder when d is divided by 7?
4
Suppose 5*h - 1 = k - 4, 15 = 5*k - 4*h. Suppose -2*p = 2, 18*p - 16*p = -2*z + 6. Calculate the remainder when -51*2*k/(-18) is divided by z.
1
Let z = -20 - -23. Let g(t) = t**z + 12*t**2 - 16*t**2 + 14 + 15*t - 12*t**2. What is the remainder when 27 is divided by g(15)?
13
Suppose -3*k = -3*l - 17 - 7, 3*l = -5*k. Suppose 0 = -p - j - k*j - 1, 2*p = 2*j + 38. What is the remainder when 44 is divided by p?
14
Suppose 3605 = 24*l - 4603. What is the remainder when l is divided by 29?
23
Let u be (10 - 7)*(-14)/(-6). Suppose -u*f + 14 = -6*f. What is the remainder when 27 is divided by f?
13
Let b be 1/2*(-72)/4. Let j = 1 - -9. Calculate the remainder when j is divided by 13/(-26) - b/2.
2
Let t be ((-180)/(-105))/(4/14). What is the remainder when (-6)/(-72)*142 + 1/t is divided by 2?
0
Let x(j) = -7*j - 47. Suppose -3*w - 44 = -4*w. Calculate the remainder when w is divided by x(-8).
8
Let h = -10 + 23. Suppose 85 = -5*l + 240. Let k = l + 7. Calculate the remainder when k is divided by h.
12
Let z = 305 - 202. What is the remainder when z is divided by 28?
19
Calculate the remainder when 45 is divided by (-98 - (-78)/(-13))*2/(-8).
19
Suppose 2 + 6 = -2*x, -4*h = 4*x + 16. Suppose -y - 4*p + 1 = -8, 2*y - 2*p - 8 = h. What is the remainder when 54 is divided by y?
4
Let v = 433 + -317. What is the remainder when v is divided by 13?
12
Suppose -646 = -5*h - r + 1668, 0 = h + r - 466. Calculate the remainder when h is divided by 116.
114
Let w(s) = 62*s**2 + 2*s + 2. Suppose 38*u - 528 = 22*u. What is the remainder when w(-1) is divided by u?
29
Let h(g) = 17 + 13*g + g**3 + 0*g - 2*g**2 + 4*g**2 + 8*g**2. Let y be h(-9). Let i = -12 - y. What is the remainder when 12 is divided by i?
5
What is the remainder when 199 is divided by 8*5*(-4)/(-8)?
19
Let r be ((-36)/(-15))/((-6)/(-20)). Let g be 6/(-4)*48/(-36). What is the remainder when 27 is divided by 12/3 + r/g?
3
Suppose -r - 7 = 2*q - 25, 4*r + 5*q = 87. What is the remainder when r is divided by 8?
4
Suppose 0 = -4*m + 4, 4*m = -4*s - 60. Let g(b) = -5*b - 35. What is the remainder when g(s) is divided by 14?
3
Let k be 7/(-21)*471/5*-5. Let z = k + -40. Calculate the remainder when z is divided by 17.
15
Let q(h) = -172*h - 20. What is the remainder when q(-3) is divided by 100?
96
Let o be 39*((-51)/(-9) + -4). Suppose 7*t - 89 - o = 0. Calculate the remainder when 305 is divided by t.
19
Suppose 228 = 6*x - 3*x. Let g = -48 + x. What is the remainder when g is divided by 15?
13
Let v = 720 + -541. Calculate the remainder when v is divided by 29.
5
Suppose s = 3*h + 6*s - 64, 2*h + 3*s = 42. Let l be 12/(2*(-3)/(-32)). Suppose -r = r - l. Calculate the remainder when r is divided by h.
14
Suppose 5*u + 10 = 2*v, -u - 2*u = -2*v + 10. What is the remainder when 221 is divided by 297/11 + v/1?
29
Let o = 58 - 29. Suppose 2*c + 3 - 30 = v, c = -2*v + 11. Suppose -12*k - 15 = -c*k. What is the remainder when o is divided by k?
14
Suppose 0 = 2*p - 5*j - 141 - 122, 2*j = -p + 127. What is the remainder when 385 is divided by p?
127
Let x = 44 + -14. Let h be (64/24)/((-4)/x). Calculate the remainder when 5 is divided by 40/12*(-24)/h.
1
Suppose -149*y - 27 = -152*y. Let r be (0 + (1 - 0))*-1. What is the remainder when y is divided by 4*r/(-1) + -1?
0
Let z(f) = 14*f + 5. Suppose -d = -16 + 9. What is the remainder when z(d) is divided by 21?
19
What is the remainder when 194 is divided by 93 + (-60)/(9 + -19)?
95
Let f(t) = -t**2 - 6*t - 6. Let k = 0 + -6. Let b be f(k). Calculate the remainder when 3 is divided by (-33)/(-9) - (-4)/b.
0
Suppose 0 = 4*w - 3*d + 3, 5*w + 4*d - 8*d = -4. Suppose -4*y + 20 = 0, 77 = -w*b + 3*b + 4*y. What is the remainder when b is divided by 12?
7
Let s = 732 + -688. Calculate the remainder when s is divided by 32.
12
Suppose 90 = 6*j - j. Let s = 20 + j. Suppose 2*z = y + 27, -z = 2*z + y - s. What is the remainder when 50 is divided by z?
11
Let c be (6/(-3))/(4/(-8)). Suppose -4*y = 2*n, 16 - c = 3*y. Let g = n - -13. Calculate the remainder when g is divided by 3.
2
Let r = 57 + -29. Let x(y) = 21*y + 4. Let b be 252/45 - (-3)/(-5). What is the remainder when x(b) is divided by r?
25
Let u be 144/10 - (-16)/(-40). Suppose -5*g = c - 39 - u, -2*c + 51 = 5*g. What is the remainder when g is divided by 3?
2
Suppose 0 = d - 6 + 2. Suppose z = -4*p + 10, -4*z + 0*z - d*p + 76 = 0. Let r = -672 - -680. Calculate the remainder when z is divided by r.
6
Calculate the remainder when (-138)/(-23) - (-2 - 109) is divided by 12.
9
Suppose 0*h = -4*h + 1672. What is the remainder when h is divided by 84?
82
What is the remainder when ((-189)/12)/(-9)*12 is divided by 12?
9
Let q(m) = -71*m**3 + 2*m + 1. Calculate the remainder when q(-1) is divided by 2 + (0 + 1 - -16).
13
What is the remainder when 26 is divided by (-35)/(-21)*(-240)/(-100)?
2
Let l(s) = -s**2 - 6*s - 3. Let f be l(-5). Suppose f*y + 1 = -3, 5*y = 4*o - 38. Calculate the remainder when (39/65)/(2/90) is divided by o.
6
Suppose -3*b + u + 326 = -0*u, 0 = -5*b + 5*u + 530. Suppose -b = -h + 5*l, 4*h + l = -0*l + 356. What is the remainder when h/4 - 1/(-2) is divided by 9?
5
Suppose -4100 + 2904 = -4*h. Calculate the remainder when h is divided by 58.
9
Suppose 18*i - 26*i - 407 = -19*i. What is the remainder when i is divided by ((-30)/(-9))/((-2)/(-12))?
17
What is the remainder when 247 + 18 + -5 + 0 is divided by 25?
10
Suppose -5*k + 3*d - 57 = 0, -8*k + 6*k = 2*d + 10. Let w(o) = o**2 + 9*o + 13. What is the remainder when 37 is divided by w(k)?
11
Suppose 2*n + 2 - 32 = 0. Let i be (-1*12/(-3)*-1)/(-1). Calculate the remainder when i/1 - (-52 - 5/5) is divided by n.
12
Calculate the remainder when 378 is divided by -2*(-15)/8*320/60.
18
Let o = 896 - 868. What is the remainder when 781 is divided by o?
25
Suppose 5*n - 142 + 25 = -v, -4*n + 522 = 5*v. What is the remainder when v is divided by 36?
30
Let j = -44 - 81. Let f = j - -154. Let x(y) = y**2 - 6*y - 5. What is the remainder when f is divided by x(8)?
7
Calculate the remainder when 89 is divided by 3/(-6 - 74/(-12)).
17
Suppose 8*p = 5*q + 3*p - 45, -p = -1. Calculate the remainder when (-536)/(-20) - 1/(-5) is divided by q.
7
Suppose f + 2*h - 11 = 0, -4*f + f = 5*h - 36. What is the remainder when f is divided by 6?
5
What is the remainder when 12/(1 - 145/148) is divided by 66?
64
Let p = 59 - 56. Let w = 24 + -19. What is the remainder when w is divided by p?
2
Let y(h) = -4*h**3 + 4*h**2 + 2*h - 11. Let a(q) = -3*q**3 + 3*q**2 + 3*q - 10. Let u(t) = -3*a(t) + 2*y(t). What is the remainder when 32 is divided by u(3)?
10
Let j be 29 - (0 + 0/2). Let y(x) = x**2 - 17*x + 27. Let w be y(14). Let m = j + w. What is the remainder when 41 is divided by m?
13
Suppose -7*x + 5 = -9. Suppose -4 = 4*o, -120 = v - 3*v + x*o. What is the remainder when v is divided by 21?
17
Suppose -l + 9 = 2*l. Let a(x) = 12*x - l - 17*x - x**2 + 14*x. Calculate the remainder when 6 is divided by a(8).
1
Suppose 0 = -0*m + 3*m - 9. Let b be 2/(-3) - 425/(-75). Calculate the remainder when m is divided by (b*(-2)/(-60))/(2/12).
0
Let d(l) = l**2 + 14*l + 17. Let t be d(-14). Suppose -2*y - t = -4*c -